 j. What are the prime factors of (m + -1)/(-6 - -5)?
2, 3
Suppose 6 = -5*y - 2*g + 34, 2*g - 4 = y. Suppose 5*r - 641 = 4*n, 2*r = 6*r - y*n - 516. What are the prime factors of r?
5
Let k = 3192 + -1540. What are the prime factors of k?
2, 7, 59
Let q = 9277 + -6033. List the prime factors of q.
2, 811
Suppose 0*r + 383 = r + 5*q, 2*r - q = 755. Suppose -5*k = -127 - r. What are the prime factors of k?
101
Suppose -2*f + 12 = -2*k, k + 1 = -5*f + 7. What are the prime factors of 2 + f - 68/(-2)?
2, 19
Suppose -2*x + 10 = -i + 2*i, -13 = -4*i + x. Let y be (i - 16/4)/(-1). Suppose -3*l + 4*g + 84 = y, 4*l - l + 4*g = 108. What are the prime factors of l?
2
Let s = 849 - 445. What are the prime factors of s?
2, 101
Let q(g) = 6*g - 9. Let o = 17 + -13. Suppose 2*d + o*u = 12 + 8, -2*d = u - 14. What are the prime factors of q(d)?
3
Let s(w) = w**2 + 12. Let o be s(0). Suppose o = -2*u + 3*u. What are the prime factors of 1/u*4*69?
23
Let x(s) = 53*s + 13. List the prime factors of x(13).
2, 3, 13
Suppose -3*f + 20 = -q + 2*q, -f - 2*q + 10 = 0. Let r(p) = p**3 - 5*p**2 - 5*p - 2. Let y be r(f). Suppose 0 = -y*s - s + 85. What are the prime factors of s?
17
Let f(q) = -16*q - 28. Let r be f(16). Let z = -33 - r. What are the prime factors of z?
251
Suppose -2*h - 3*s + 18 = 0, -3*h + 0*s - 3*s + 21 = 0. Suppose -z + 5*d = -0*z - 22, 3*z - h*d = 126. What are the prime factors of z?
47
Suppose 4*d = 6*d + 18. Let b = 0 - d. Let s = 69 - b. What are the prime factors of s?
2, 3, 5
Let i be 2*-1*(-2)/4. Let h(z) = 3360*z - 3314*z - 1 + 1. What are the prime factors of h(i)?
2, 23
Let f be 1 + 0 + (162 - 7). Suppose f = 3*l - 60. Suppose 6*c - 96 - l = 0. List the prime factors of c.
2, 7
Suppose 11*l = 6056 + 874. List the prime factors of l.
2, 3, 5, 7
Let g be -6 + 4 - 38*6. Let n = -121 - g. List the prime factors of n.
109
Let m = -297 - -228. Let y be (194/(-4))/((-1)/2). Let i = m + y. What are the prime factors of i?
2, 7
Let l(o) = 2*o**3 - 3*o**2 + 1. Let r be l(2). Suppose -r*c + 2*k = -4, 2*c = -2*k + 3 - 7. Let z(y) = 2*y + 28. List the prime factors of z(c).
2, 7
Suppose -304 = -3*j - 295, 0 = -5*y + 4*j + 22408. List the prime factors of y.
2, 19, 59
Let c(i) = -31*i - 50. List the prime factors of c(-9).
229
Suppose 3*l = -3*u + 9, 3*u + 11 = 6*u + 5*l. Suppose 35 + 59 = u*i - 5*w, 4*w = 16. List the prime factors of i.
3, 19
Suppose -3*t + 2*q - 3 = -q, 5*q - 13 = 3*t. Suppose 5*j - 144 = 3*o, -2*o - 47 - 67 = -t*j. What are the prime factors of j?
3
Let s be (-754)/(-30) + 10/(-75). Let v = -14 + s. Let z(n) = n**2 - 9*n + 4. What are the prime factors of z(v)?
2, 13
Suppose 2*j = -2*w - 2*j - 26, -2*w - 30 = 5*j. Let h(p) = -9*p + 4. What are the prime factors of h(w)?
7
Let l = -237 - -555. What are the prime factors of l?
2, 3, 53
Suppose -2*t + 4*k = -1044, 5*t - 99*k + 101*k - 2550 = 0. List the prime factors of t.
2
Suppose 3*v - 116 = 391. Suppose -l - 917 = -4*u, v = -3*u + 2*l + 858. List the prime factors of u.
229
Suppose -y = 4*v + 26, 0 = -5*v - 4*y - 0*y - 38. Let s(z) = -z**3 - 5*z**2 + 6*z + 3. Let r be s(v). Let t = r + 7. List the prime factors of t.
2, 5
Let m = 7378 - 3671. List the prime factors of m.
11, 337
Let h(j) = 102*j**2 + 7*j - 39. List the prime factors of h(-5).
2, 619
Let r = 381 - 15. What are the prime factors of r?
2, 3, 61
Suppose -19 = -9*l + 35. Let p(m) = 2*m**2 - 7. What are the prime factors of p(l)?
5, 13
Let f(m) = 31*m + 87. Let b be f(9). Suppose 138 + b = 4*k. List the prime factors of k.
2, 3, 7
Suppose -44*g = -45*g - 127. Let w = g + 172. List the prime factors of w.
3, 5
Suppose -4 + 29 = p. Suppose -3*m + 3*j + p = -j, 4*j = 20. List the prime factors of m.
3, 5
Suppose d - 1948 = -c, -3*d + c = -d - 3884. What are the prime factors of d?
2, 3
What are the prime factors of 3 + (6 - 41)*(-34 + -3)?
2, 11, 59
Let w = -15 + -22. Let n be ((-26)/(-1))/(2*(-3 - -2)). Let q = n - w. What are the prime factors of q?
2, 3
Let r(u) = -2*u**3 + 9*u**2 + 9*u - 6. Let d be r(5). Suppose -d = -2*v + 640. List the prime factors of v.
3, 109
Let q = -8 - -12. Suppose 0 = 3*c - 5*x + 25, -q*c = 2*x + 3*x - 25. Let n(y) = -y**3 + y**2 + 17. List the prime factors of n(c).
17
Let h be 3/((6/23)/2). Suppose 624 = 29*y - h*y. List the prime factors of y.
2, 13
Let p be (-6)/(1/(2/(-3))). Suppose 2*x + 59 = 7*x + 3*l, p*l - 62 = -5*x. What are the prime factors of x?
2, 5
Suppose -4*z + 7*v - 9*v + 12666 = 0, 4*v - 3163 = -z. List the prime factors of z.
3167
Let d(x) = x**2 - 2*x - 4. Let a be d(5). Let p be (-1)/3*0/a. Suppose -i + 3*f = f - 41, -5*i + f + 196 = p. What are the prime factors of i?
3, 13
Suppose 0 = 5*k - 13 - 92. List the prime factors of (14/k)/(1/9).
2, 3
Let h(b) = -b**3 - 8*b**2 + 2*b - 1. Let o be h(-8). Let y = -68 - -19. Let r = o - y. What are the prime factors of r?
2
Let l be (-6)/(-18) - 5/(-3). Suppose 2*c + 25 = q, 0 = l*q - q + 3*c - 20. What are the prime factors of q?
23
Let j(m) = -m**2 + 3*m - 8. Let c be j(-6). Let l(k) = 24*k**3 - 2*k**2 + 1. Let p be l(-1). Let g = p - c. List the prime factors of g.
37
Let o(q) = -q**2 - 11*q + 2. Suppose 0 = -3*r - 30 + 9. What are the prime factors of o(r)?
2, 3, 5
Suppose -915 = s - 5*s + m, -2*s - 3*m = -461. Let t(h) = h**3 + 11*h**2 + 9*h - 3. Let u be t(-10). Suppose u*g + 68 = s. What are the prime factors of g?
23
Let r(x) = 8*x + 25. Let n = 11 + 7. What are the prime factors of r(n)?
13
Let t be ((-36)/(-15))/((-2)/(-5)). Suppose -9 = -5*r - l, r - 4*l - t = -0*r. Suppose p = 3, -v + 37 = -r*p + 6*p. List the prime factors of v.
5
Suppose -7 = -3*h + 23. Let t = h + -5. Suppose y = t*y - 188. List the prime factors of y.
47
Let l(i) be the first derivative of -5*i**3/6 - i**2 - 4*i + 1. Let u(f) be the first derivative of l(f). List the prime factors of u(-2).
2
Let q = 522 - 271. List the prime factors of q.
251
Let a be 5/((-10)/12) + 3. Let h(g) = 11*g**2 - 5*g - 2. List the prime factors of h(a).
2, 7
Let w(t) be the first derivative of 3*t**4 + t**3/3 - 3*t**2/2 - t + 18. What are the prime factors of w(2)?
3, 31
Let p(h) = 2*h**2 + 44*h - 227. What are the prime factors of p(26)?
2269
Let m(b) = -7*b**2 - b**3 - 2 + 2*b**2 + 2*b + 2*b**2 - 6*b**2. Let v be m(-9). What are the prime factors of (-12)/15*v/8?
2
Let w be (11/(-1))/(-1 - 0). Let g = 0 + w. List the prime factors of g.
11
What are the prime factors of -2 - (39287/(-51) + (-4)/(-3))?
13, 59
Let r(u) = 530*u - 1. Let d be r(1). Suppose -2*n = 5*c - 642 + 111, 3*n - d = -5*c. List the prime factors of c.
107
Suppose -2*c = 3*c. Let w(l) = l**3 + l - 42. Let u be w(c). List the prime factors of (-12)/u + (-262)/(-14).
19
Let a(n) = n**3 - n**2 - 5*n + 2. Let o be a(2). Let u(d) = -d**3 - 2*d**2 + 10*d + 10. What are the prime factors of u(o)?
2
Let x = 123 + 68. List the prime factors of x.
191
Let i = 74 + -106. Suppose 4*x - 6*x = -4. What are the prime factors of (i/(-20))/(x/40)?
2
Suppose 0 = 2*h + 10, v = -2*h - 0*h - 4. Suppose v*k = k - 10. What are the prime factors of 3 + 2/k + 7?
3
Let v be 1 + 0 + -11 + 20. Let j(o) = -o**3 + 10*o**2 + o - 5. Let y be j(v). Suppose -y*q - 2*x + 142 = 0, 2*q + 4*x = 4*q - 52. List the prime factors of q.
2, 7
Suppose 7 = 4*y + 19, 0 = 2*g - 5*y - 3001. What are the prime factors of g?
1493
Let d = 7 + -3. Let o be (-69 - -3)*2/(-2). Suppose 162 - o = d*u. What are the prime factors of u?
2, 3
Suppose 3945 = 6*v - 4239. List the prime factors of v.
2, 11, 31
Suppose 2*v + 2*f - 322 = 0, f + 770 = 5*v - 59. List the prime factors of v.
3, 5, 11
Suppose 0 = -g - 4*u + 1, -6*g + 11 = -4*g - u. Suppose -4*q - 127 = g*n - 548, 2*q = -n + 83. What are the prime factors of n?
5, 17
Suppose -6*n + n = g - 69, 4*g + 3*n = 310. Suppose -a + g = -8. List the prime factors of a.
3, 29
Suppose 3*d - 12 = 6. Suppose -b - 3 = -d. Suppose 3*k = -b*s + 75, 50 = k + k + s. List the prime factors of k.
5
Suppose 0 = 5*y + 3*i - 266, 6*y + 2*i - 212 = 2*y. Suppose -85 - y = -f. Suppose -5*l + 63 = -f. What are the prime factors of l?
2, 5
Suppose -2*g - 41 + 7 = -4*f, -3*f + g + 23 = 0. Let c be (3 + -4)/(f/(-6)). Suppose c = 3*n - 35. What are the prime factors of n?
2, 3
Let s(m) = -16*m - 2. Suppose -2*v = -4*v - 8. List 